What is the tens digit of l?
1
Let i be (-2)/4*(-15 + 7). Suppose 0 = -2*k - i*g + 48 - 4, 73 = 4*k + 5*g. What is the units digit of k?
2
Let j(d) = d**3 + 8*d**2 - 12*d - 4. What is the tens digit of j(-9)?
2
Suppose 2*s - 4 = -0. Let y = 2 + s. What is the units digit of y?
4
Suppose 3*d - 12 = n, -5*n + n = -3*d + 12. Suppose 4*a = 20, -d*m - a = -3*a - 30. What is the units digit of m?
0
Let y be 20/(-6)*(-24)/20. What is the units digit of 8/4 + (13 - y)?
1
Suppose 4*h - 26 - 122 = 0. Let k = h + -10. What is the tens digit of k?
2
Let t(w) = w**2 - w - 1. Suppose -4*i = -3 - 1. Let r(v) = 4*v**2 + 2*v + 2. Let a(g) = i*r(g) - 5*t(g). What is the tens digit of a(6)?
1
Let o be (-3)/(-5) + 315/(-25). Let j be (2/3)/(o/18). What is the units digit of -4*(j*4 - 0)?
6
Suppose 34*j = 38*j - 88. What is the tens digit of j?
2
Let j(s) = 106*s**2 - 3*s - 2. What is the units digit of j(-1)?
7
Let p be 0 - 17 - (1 + -2). Let y(n) = -n**3 - 4*n**2 - 3*n + 2. Let l be y(-3). Let d = l - p. What is the units digit of d?
8
Suppose 4*d = -3*f - 4, -5*f + 2*d + 2 = -0*d. Suppose f = 2*u - 41 - 43. What is the units digit of (1 + 0)*u/6?
7
Suppose -w + 6 = f, f = 2*w + 3 - 9. Let g be ((-366)/f)/(-3) + 1. Suppose -3*l + 25 = a, g = 3*l - 5*a + 25. What is the units digit of l?
9
Suppose 5*f + 2*d = 9, -4*f + 2*f = -2*d + 2. Let g be f*(-5)/(3/3). Let b = g - -8. What is the units digit of b?
3
Let v be 32/6 + 4/6. Let w be (0 - 3)/v*-8. Suppose 0 = -2*y + w*y - 10. What is the units digit of y?
5
Suppose -16 = -2*f - 6. Let s(l) = -f*l + 2 + 4*l - 1. What is the units digit of s(-2)?
3
Suppose -15*b + 686 = -b. What is the tens digit of b?
4
What is the units digit of 218/4 - (-7)/14?
5
Let b = -2 + 2. Let m = b + 6. Suppose -m + 0 = -o. What is the units digit of o?
6
Let q be 1173/21 - (-4)/28. Suppose -4*s + 40 + q = 0. What is the units digit of s?
4
Suppose 0 = w + 3*b - 198, -5*b = -2*w - 0*b + 363. What is the hundreds digit of w?
1
Let s = 488 + -216. What is the units digit of s?
2
Suppose 4*m - 155 - 177 = -4*h, 2*m - 170 = -4*h. What is the units digit of m?
1
Suppose -11 = -4*h + 3*b, 5*h - 3*b - 10 = 6. Suppose 0 = -h*a + 1 + 14. What is the units digit of a?
3
Let k = 3 - -1. Suppose 0 = p + k*p, 3*w - 5*p - 6 = 0. Let s = 3 - w. What is the units digit of s?
1
What is the tens digit of (-6 + 2)*38*(-3)/4?
1
Suppose 32 = 3*g + g. What is the tens digit of 1 + 2/(g/60)?
1
Let u(f) = 19*f - 1. What is the units digit of u(3)?
6
Let a(z) = z**2 + z + 5. Let h be a(-6). Suppose -4*v - 3 = -h. What is the units digit of v?
8
Suppose -3*d + 20 = -7*d. Let h = d - -7. Suppose 0 = -h*u + o + 4, -5*u - 3 = o - 6. What is the units digit of u?
1
Let d = 11 + 7. What is the units digit of d?
8
Suppose 0*w + 3*w - 42 = 0. Suppose -74 = -5*m - w. Suppose 3*j - 7*j + m = 0. What is the units digit of j?
3
Suppose 4*o + 2 = -2*u - 0, o = -4*u + 3. Suppose f + u = 2*i, f = -0*f + 3. Suppose 3 + 13 = i*j. What is the units digit of j?
8
Suppose -4*m - 3*p = -752 - 28, 5*p = m - 195. Suppose 4*r - m = -r. Suppose -5*c = -4*t + r, -t + 4*c - 6 + 24 = 0. What is the units digit of t?
6
Let i(t) = -10*t**3 - 31*t**2 + 20*t - 12. Let d(v) = -3*v**3 - 10*v**2 + 7*v - 4. Let f(x) = -7*d(x) + 2*i(x). What is the units digit of f(-9)?
4
Let c be 35/(-10)*8/(-14). Suppose -31 = -2*x + x - c*h, -5*x = 3*h - 120. What is the units digit of x?
1
Let b(i) = -i**2 + 8*i + 2. Suppose 2*g = 7*g - 40. What is the units digit of b(g)?
2
Suppose -4*w = -6*w + 114. What is the tens digit of w?
5
Suppose 21 + 29 = 5*f. What is the units digit of f?
0
Suppose -2*d - 3*n - 12 = -40, 5*d - 89 = 2*n. What is the tens digit of d?
1
Suppose 5 = 5*j - 20. Suppose -j*q - 8 = -93. What is the units digit of q?
7
Let d(z) = 2*z - 5. Let u be d(5). Let f = -6 + 9. Let q = u - f. What is the units digit of q?
2
Suppose x - 4*q + 152 = 5*x, -5*x - 4*q + 190 = 0. What is the units digit of x?
8
Suppose i - 29 = 17. What is the tens digit of i?
4
Suppose 0 = -2*m - 0*m + 4. Suppose -3*l = 4*f - 7, 25 = -3*l + 3*f + f. Let h = m - l. What is the units digit of h?
5
Suppose 0 = -2*a - 3*a. Let u be (1 + -1 - a)/(-1). What is the units digit of 4 + -6 + u + 5?
3
Suppose -3*f + 0*w - 5*w - 12 = 0, 3*w - 9 = 0. Let j(z) = z**2 + 5*z - 8. What is the units digit of j(f)?
8
Suppose 2*y - 3*s = -3*y - 2, 0 = 3*y - 2*s + 2. Let i = 5 + -3. Suppose -4*r + 57 = 5*d - 3, d - i*r = -y. What is the units digit of d?
8
Let o(z) = z + 2. Let x be o(2). Let a(k) = k**3 - 3*k**2 - 3*k - 1. What is the units digit of a(x)?
3
Let t = 21 + -15. Suppose 0 = w - 2*w - 2. Let u = t + w. What is the units digit of u?
4
Let v(c) = -2*c**2 + c**2 + 0*c**2 - 11 - 14*c. What is the units digit of v(-13)?
2
What is the tens digit of 2 + 2 + 0 + 59?
6
Let q(c) = -2*c**3 - 6*c**2 + c + 5. Suppose -x + w = 1, -w - 11 = 2*x - 0*w. What is the tens digit of q(x)?
3
Let i(x) be the second derivative of -x**4/12 + x**3/6 + 4*x**2 + x. What is the units digit of i(0)?
8
Let d = -6 - -8. Suppose d*h + 2*h = -8. What is the units digit of ((-21)/(-6))/((-1)/h)?
7
Let j be (9/(-6))/((-2)/20). Let d = -4 + j. What is the units digit of d?
1
Let s = 1 + -2. Let u(m) = -m**3 + 2*m + 1. Let j be u(s). Suppose j = -0*h - 5*h + 10. What is the units digit of h?
2
Suppose -3*r + 195 = 3*p, 0 = 2*r - r - p - 73. What is the units digit of r?
9
Suppose 9*d - 2095 = -781. What is the tens digit of d?
4
Let r(a) = 6*a - a**2 + 1 + 2*a**2 - 1 + 1. Let j be r(-7). What is the units digit of -2*4/(j/(-13))?
3
Suppose 0 = -u + 4*u - 282. What is the tens digit of u?
9
Let l = 7 + -5. Suppose -p - 5 = l*n, 0 = -p - 3*n - 7 - 3. What is the units digit of ((-12)/15)/((-1)/p)?
4
Let p(k) = -5*k**2 + 5*k + 6. Let v(a) = -5*a**2 + 4*a + 5. Let o(g) = 4*p(g) - 5*v(g). What is the units digit of o(1)?
4
Let l(j) be the first derivative of -j**4/4 - 2*j**3 - j**2/2 + 4*j - 1. What is the units digit of l(-6)?
0
Suppose 5*t - 3*t = 32. What is the units digit of t?
6
Let i = -43 - -61. What is the units digit of i/12*(-14)/(-3)?
7
What is the tens digit of ((-8)/16)/((-1)/140)?
7
Suppose 0 = -w + r - 2, w + 0 = 2*r - 6. Suppose c + 4 = 4*a - w, -c + 3*a = 2. What is the tens digit of c?
1
Let l be (-68)/7 + (-8)/28. Let a = -5 - l. Let c = 12 - a. What is the units digit of c?
7
Suppose -3*l = -4*l + 17. Let a(s) = 4*s - 21. What is the units digit of a(l)?
7
Suppose -5*x - 3*p + 607 = 0, -3*p = -x - x + 247. What is the hundreds digit of x?
1
Suppose -5*z + 15 = 2*w, -2*w + 12 = -3*z + w. Let i be 1/2 - z/(-2). Suppose 3 + i = 4*j. What is the units digit of j?
1
Suppose -55 = 2*f - 77. What is the tens digit of f?
1
Suppose 0 = -6*s + 3*s + 15. Suppose 4*q = -q - s. What is the tens digit of (2/6)/(q/(-39))?
1
Let o(f) = -9*f - 13. Let s(x) = 19*x + 26. Let r(z) = 9*o(z) + 4*s(z). What is the tens digit of r(-13)?
5
Suppose 1 + 5 = 3*l. Suppose d + 4*y - 1 = 0, 9 = 5*d - l*y - 62. What is the units digit of d?
3
Let u be (-5)/(-1) - (2 + -1). Let i be (-80)/(-15) + u/6. Let m(w) = w**2 - 4*w - 5. What is the units digit of m(i)?
7
Let s be (0 + -6)*3/(-6). Suppose -s*n + 85 = 19. What is the units digit of n?
2
Let k(o) = -o**3 + 15*o**2 + 13*o + 34. What is the units digit of k(15)?
9
Let u = -15 - -43. What is the units digit of u?
8
Suppose 5*b = 2*d - 37 - 16, -3*d + b = -73. What is the units digit of d?
4
Suppose w - 3*i = 32, -5*w + i + 193 = -3*i. What is the tens digit of w?
4
Let a = 7 - 4. Suppose 19 = a*u + 4. Let d = 12 - u. What is the units digit of d?
7
Let m be ((-3)/2)/(-3)*10. Suppose 3*n + 10*z = 5*z + 163, m*n + z = 279. What is the tens digit of n?
5
Let n = -13 - -16. Suppose -w = -n*w + 58. What is the tens digit of w?
2
Suppose -9 - 28 = -m. What is the units digit of m?
7
Let b(f) = 111*f - 1. Let s be b(1). Let q = s - 64. What is the tens digit of q?
4
Let w = -2 - -5. Let u(p) = p + 4. What is the units digit of u(w)?
7
Suppose 0 = -0*f - 5*f + 4*v + 24, 0 = -4*f + 4*v + 20. What is the units digit of -3 - (2*-6 + f)?
5
Suppose 3*t = -2*s + 287, t + 3*s - 57 = 27. What is the units digit of t?
9
Let u = 67 + -29. Suppose 2*s + 5*r - u = 0, 4*r - 16 - 113 = -5*s. What is the units digit of s?
9
Let l = -16 - -31. Let i =